Suppose 5*c - 3*c + 60 = 4*k, 0 = -k + 5*c + d. Suppose 2*f - 41 + k = 0. What is the highest common factor of 112 and f?
14
Let l = 69 + -14. Suppose 26 = -2*f + 10. Let o = f - -30. What is the highest common divisor of o and l?
11
Let w(x) = -x**3 - 6*x**2 - 7*x - 3. Let v be w(-5). Suppose 0 = -o + v - 1. Calculate the highest common divisor of o and 4.
2
Let c be (3 + -1)*3/8*12. Let h(q) = q + 3. Let u be h(-2). Calculate the highest common divisor of c and u.
1
Suppose -92 - 10 = -2*w. What is the highest common factor of w and 17?
17
Suppose 30 = d - 3*d. Suppose -4*v - 3 = -15. Let a be (-1984)/(-20) + v/d. Calculate the greatest common factor of a and 11.
11
Let t(w) = -w**3 + 9*w**2 + 11*w - 8. Let r = -3 - -13. Let b be t(r). Suppose -7*p + b*p + 65 = 0. Calculate the highest common factor of 52 and p.
13
Let n be (1 + 725)*(-5)/(45/(-6)). Calculate the highest common divisor of 44 and n.
44
Let n = -192 - -377. What is the highest common factor of 37 and n?
37
Let q = 35 - 10. Suppose 3*b + 11*x - 9*x - 6 = 0, 2 = -b - 2*x. Suppose -2*a = 3*a - q, -d = -b*a + 12. What is the highest common factor of d and 1?
1
Let t(b) = b**3 - 5*b**2 - 13*b + 23. Let m be t(7). Let l = 4 - -2. What is the greatest common factor of m and l?
6
Let p = -16 - 35. Let h be (-10132)/p - 2/3. What is the highest common divisor of h and 22?
22
Let r = 12 - 6. What is the greatest common factor of r and 12?
6
Let i = -11 + 17. Suppose 4*z - i*z = -8. What is the greatest common divisor of z and 6?
2
Let q(u) = -u**2 + 15*u - 32. Let z be q(12). Calculate the highest common divisor of z and 44.
4
Suppose -3*u = 5*r + 2*u - 60, 0 = r + 2*u - 17. What is the greatest common factor of 203 and r?
7
Suppose -4*i = -r + 2 + 12, 3*r + 2*i = 42. What is the greatest common factor of 70 and r?
14
Let q(i) = i**3 - 8*i**2 - 1. Let z be q(8). Let t be (-34)/(-8) + z/4. What is the greatest common factor of t and 16?
4
Suppose 5*r - 5*o = 45, 0*r + 2*r - 3*o - 15 = 0. Calculate the highest common divisor of r and 12.
12
Let f(t) = -t - 1. Let x(v) = -3*v + 7. Let d(w) = 6*f(w) + x(w). Let k be d(-6). Calculate the greatest common factor of 11 and k.
11
Suppose -2*x + 4*f - 6 = 0, -4*x = -5*x + f - 3. Let q be 3/(654/(-220) - x). What is the greatest common divisor of 10 and q?
10
Let x(s) = -s + 28. Suppose 5*z - 2*z = 0. Let l be x(z). Suppose 0 = 4*p - 16 - l. What is the highest common factor of 77 and p?
11
Let k(h) = 2*h + 1. Let w(i) = -5*i - 1. Let n be w(-1). Let p be k(n). What is the greatest common divisor of p and 36?
9
Suppose -5*m = -5*q + q, 5*q - m = 0. Suppose q = -c + 7 + 9. Calculate the highest common factor of c and 32.
16
Suppose -d + 6 = -0*d - 2*o, 5*o + 21 = 3*d. Calculate the greatest common factor of d and 30.
6
Suppose -4*o = 4, 4*g + 3*o = -o + 92. Suppose -21 = -3*v - 3*t, 4*v = 3*t - 0*t. Calculate the highest common divisor of v and g.
3
Suppose 0 = -2*q + 1 + 237. What is the greatest common divisor of q and 17?
17
Suppose -3*n = -4*n + 13. What is the greatest common divisor of n and 91?
13
Let o(f) = 8*f**2 + f + 1. Let p be o(-1). Suppose -4*d + 5*d = -p. Let y be 9/(-12) + (-46)/d. What is the highest common factor of y and 25?
5
Suppose -z - l + 112 = -28, -2*z + 268 = -4*l. Suppose 4*h - 52 = -w, -z = -4*w - 5*h + 92. Calculate the greatest common factor of w and 24.
12
Suppose -2*z + 140 = 3*z. Let j(y) = y**3 + 13*y**2 + 7. Let c be j(-13). Calculate the highest common factor of z and c.
7
Let t(r) = r**2 + 6*r + 6. Let g be t(-9). Suppose -2*x - x = -66. Calculate the greatest common divisor of g and x.
11
Let y be ((-13)/(-4))/(-3*3/(-792)). What is the highest common divisor of y and 26?
26
Let j = 10 - 5. Suppose 10 = -j*m - 0*m. Let s be m/((-312)/154 + 2). What is the highest common factor of s and 11?
11
Let j(b) = 7*b**2 - 2*b - 2. Let s be j(-1). Suppose -4*d + s*d - 135 = 0. Calculate the highest common divisor of d and 18.
9
Let d = -6 - -9. Let n(i) = 3*i**2 - 7*i + 4. Let m be n(4). Calculate the greatest common factor of d and m.
3
Let r = 1 - -65. Let v(z) = -z**2 - 14*z - 2. Let x be v(-13). Calculate the greatest common factor of r and x.
11
Let l(t) = 15*t - 3. Let m be l(2). Let k(z) = z**2 + 9*z + 9. Let r be k(-9). What is the highest common factor of m and r?
9
Suppose -3*v - v = -16. Suppose -3*j + 2 = -v*j. Let p be ((-5)/j + -2)*70. Calculate the greatest common factor of 7 and p.
7
Suppose 0 = 3*m - 4*m + 8. Let n = m + -6. Calculate the highest common divisor of n and 14.
2
Let z be 14/((-2)/((-4)/(-2))). Let w = z - -24. What is the highest common factor of w and 15?
5
Let x = 412 + -613. Let n = -113 - x. Calculate the highest common divisor of 8 and n.
8
Let o = 6 - 7. Let s be (0 + o)/(1/(-8)). What is the highest common divisor of s and 32?
8
Let t be (-19 + 1)*2/(-3). Suppose 0 = -0*b + 2*b - 48. Let v = b - t. What is the greatest common divisor of 84 and v?
12
Let t be 22 + (-2 - (-3)/(-3)). What is the greatest common divisor of 209 and t?
19
Let u(v) = v**2 + 4*v - 4. Let d be u(8). Suppose -2*s = -50 + 4. What is the greatest common factor of d and s?
23
Let l = -38 + 53. Calculate the greatest common factor of 75 and l.
15
Suppose 0*k = 2*k - 10. Suppose -5*t + o + 80 = -0*o, -k = o. What is the greatest common factor of 15 and t?
15
Let h be 1/1 + 24/3. What is the greatest common divisor of 99 and h?
9
Let y be -4 + (76 - (-3)/((-12)/8)). Calculate the highest common factor of y and 28.
14
Let r(q) = -2*q + 2. Let b(c) = 3*c - 1. Let v(j) = -3*b(j) - 4*r(j). Let z be v(-7). What is the greatest common factor of 16 and z?
2
Let y = -15 + 17. Suppose -40 = -4*a + 4*b, y*a - 3*b = a + 12. Calculate the greatest common factor of 9 and a.
9
Suppose -b = v - 0*b + 1, 2*v + 3 = -3*b. Suppose v = a - 1 - 1. Calculate the highest common divisor of a and 10.
2
Let o(s) = -49*s**3 - 2*s**2 + s + 2. Let i be o(-1). Calculate the greatest common factor of i and 16.
16
Let n be 2/2 - (-2)/2. Suppose 5*d = n*v - 17, 10 + 7 = 3*v + d. Let k(c) = -c**2 + 20*c - 3. Let b be k(17). Calculate the highest common factor of b and v.
6
Suppose -114 = -8*x + 38. Calculate the greatest common divisor of x and 19.
19
Let r = 168 + -166. Calculate the greatest common divisor of 26 and r.
2
Let g = -2 + 18. Let y = g - 0. Let l = y + 40. Calculate the greatest common divisor of l and 14.
14
Suppose -2*l - 5*t + 7 = 1, -5*t = 3*l - 14. Let v = 21 + -13. What is the greatest common factor of v and l?
8
Suppose 2*d = 0, 0*y - 2*d + 14 = 2*y. Calculate the highest common divisor of y and 14.
7
Suppose -x - 5*m - 26 = -11, 0 = -x + 3*m + 17. Suppose -x*d + 160 = -d. What is the highest common divisor of d and 16?
8
Suppose 5*v - 43 = -3*r + 31, -68 = -4*v + 2*r. Let x = -764 - -1628. Let w be ((-4)/(-8))/(3/x). What is the greatest common factor of v and w?
16
Let k be (-1)/(-3)*-155*(-1 - 2). Calculate the greatest common factor of k and 31.
31
Suppose 2*p = 5*y - 2*p + 13, -3*y + 4*p - 11 = 0. Let d = -2 - -2. Let v be 1/y + d - -177. Calculate the highest common factor of v and 22.
22
Suppose 0 = -2*l - 8 + 10. Let o be (-33)/(-9) - 2/(-6). Let x = -3 + o. What is the highest common factor of x and l?
1
Suppose 0 = p - 9 - 8. What is the greatest common divisor of 153 and p?
17
Let a = -8 + 98. Calculate the highest common factor of a and 10.
10
Let a(j) be the third derivative of j**4/24 + 7*j**3/6 - 3*j**2. Let f be a(-6). What is the greatest common divisor of 5 and f?
1
Suppose -6 = -6*l + 3*l. Suppose t = l + 4. Let g = -27 + 45. What is the highest common factor of t and g?
6
Let w(m) = -2*m + 93. Let c be w(0). Let i = -55 + c. What is the highest common divisor of i and 95?
19
Suppose 0 = -4*q - 4*i + 328, 5*q - 2*i - 406 = -5*i. Calculate the greatest common factor of q and 10.
10
Suppose 12*w - 25 = 7*w. What is the greatest common factor of 4 and w?
1
Let y be (1/(-2))/((-6)/12). Suppose 2*b - y = 6*h - h, 0 = 4*b - 5*h - 7. Calculate the greatest common factor of 3 and b.
3
Let z(r) = -r**3 - 10*r**2 - 5*r - 10. Let w be z(-8). Let v = 146 + w. What is the greatest common factor of 6 and v?
6
Let y(q) = q**2 + 2*q + 1. Suppose -27 + 2 = 5*u. Let a be y(u). Calculate the highest common divisor of 80 an